hat is the ten thousands digit of 12108?
1
What is the tens digit of 2296?
9
What is the units digit of 39958?
8
What is the tens digit of 8315?
1
What is the tens digit of 792?
9
What is the hundreds digit of 978?
9
What is the thousands digit of 45288?
5
What is the ten thousands digit of 52951?
5
What is the hundreds digit of 7924?
9
What is the thousands digit of 36054?
6
What is the tens digit of 1029?
2
What is the units digit of 397?
7
What is the hundreds digit of 937?
9
What is the hundreds digit of 115688?
6
What is the units digit of 1383?
3
What is the hundreds digit of 2106?
1
What is the thousands digit of 1889?
1
What is the units digit of 64?
4
What is the hundreds digit of 1377?
3
What is the thousands digit of 3283?
3
What is the hundreds digit of 56594?
5
What is the hundreds digit of 23802?
8
What is the thousands digit of 141157?
1
What is the tens digit of 133?
3
What is the tens digit of 56170?
7
What is the hundreds digit of 118631?
6
What is the units digit of 596?
6
What is the tens digit of 4182?
8
What is the tens digit of 1067?
6
What is the units digit of 2374?
4
What is the hundreds digit of 31633?
6
What is the units digit of 3031?
1
What is the hundreds digit of 27923?
9
What is the units digit of 300?
0
What is the thousands digit of 4664?
4
What is the units digit of 9593?
3
What is the thousands digit of 5894?
5
What is the units digit of 5685?
5
What is the tens digit of 44184?
8
What is the units digit of 3500?
0
What is the thousands digit of 3651?
3
What is the tens digit of 25?
2
What is the hundreds digit of 824?
8
What is the tens digit of 75916?
1
What is the units digit of 1914?
4
What is the thousands digit of 8105?
8
What is the tens digit of 15520?
2
What is the units digit of 40502?
2
What is the thousands digit of 2861?
2
What is the hundreds digit of 313?
3
What is the ten thousands digit of 15550?
1
What is the thousands digit of 13448?
3
What is the units digit of 52?
2
What is the thousands digit of 6844?
6
What is the tens digit of 141785?
8
What is the ten thousands digit of 73492?
7
What is the units digit of 1079?
9
What is the thousands digit of 1152?
1
What is the tens digit of 2252?
5
What is the thousands digit of 39820?
9
What is the ten thousands digit of 46027?
4
What is the units digit of 61508?
8
What is the hundreds digit of 30027?
0
What is the units digit of 271?
1
What is the thousands digit of 3090?
3
What is the thousands digit of 8872?
8
What is the thousands digit of 1495?
1
What is the thousands digit of 50578?
0
What is the tens digit of 10009?
0
What is the tens digit of 1079?
7
What is the tens digit of 1692?
9
What is the units digit of 797?
7
What is the units digit of 16855?
5
What is the thousands digit of 9133?
9
What is the tens digit of 1153?
5
What is the ten thousands digit of 16202?
1
What is the units digit of 4625?
5
What is the thousands digit of 1013?
1
What is the hundreds digit of 2740?
7
What is the units digit of 1690?
0
What is the units digit of 981?
1
What is the units digit of 4894?
4
What is the thousands digit of 47653?
7
What is the units digit of 5043?
3
What is the thousands digit of 2516?
2
What is the hundreds digit of 6625?
6
What is the tens digit of 42344?
4
What is the thousands digit of 25502?
5
What is the tens digit of 18270?
7
What is the hundreds digit of 1491?
4
What is the thousands digit of 148588?
8
What is the ten thousands digit of 10480?
1
What is the units digit of 5111?
1
What is the thousands digit of 1099?
1
What is the units digit of 6169?
9
What is the units digit of 14613?
3
What is the hundreds digit of 31610?
6
What is the units digit of 52?
2
What is the ten thousands digit of 134273?
3
What is the hundreds digit of 3229?
2
What is the units digit of 436?
6
What is the tens digit of 2197?
9
What is the ten thousands digit of 67560?
6
What is the hundreds digit of 7063?
0
What is the hundreds digit of 178?
1
What is the units digit of 51430?
0
What is the thousands digit of 35624?
5
What is the tens digit of 9763?
6
What is the units digit of 55196?
6
What is the units digit of 236?
6
What is the hundreds digit of 182?
1
What is the units digit of 41218?
8
What is the thousands digit of 26781?
6
What is the tens digit of 18052?
5
What is the thousands digit of 1155?
1
What is the thousands digit of 5958?
5
What is the tens digit of 59534?
3
What is the ten thousands digit of 111416?
1
What is the units digit of 64112?
2
What is the units digit of 5991?
1
What is the ten thousands digit of 24182?
2
What is the thousands digit of 1378?
1
What is the units digit of 57331?
1
What is the hundreds digit of 53155?
1
What is the hundreds digit of 10478?
4
What is the hundreds digit of 5834?
8
What is the units digit of 49109?
9
What is the tens digit of 1169?
6
What is the hundreds digit of 1977?
9
What is the units digit of 77352?
2
What is the thousands digit of 1539?
1
What is the hundreds digit of 201?
2
What is the units digit of 3197?
7
What is the thousands digit of 3691?
3
What is the hundreds digit of 45899?
8
What is the thousands digit of 1274?
1
What is the tens digit of 16358?
5
What is the hundreds digit of 53602?
6
What is the ten thousands digit of 18218?
1
What is the hundreds digit of 46043?
0
What is the units digit of 340?
0
What is the hundreds digit of 919?
9
What is the hundreds digit of 950?
9
What is the units digit of 171?
1
What is the thousands digit of 22780?
2
What is the units digit of 75519?
9
What is the hundreds digit of 990?
9
What is the hundreds digit of 6893?
8
What is the thousands digit of 9265?
9
What is the hundreds digit of 2644?
6
What is the thousands digit of 2113?
2
What is the tens digit of 17360?
6
What is the units digit of 99472?
2
What is the thousands digit of 1444?
1
What is the hundreds digit of 37233?
2
What is the tens digit of 4575?
7
What is the hundreds digit of 10793?
7
What is the tens digit of 4892?
9
What is the tens digit of 10341?
4
What is the thousands digit of 48577?
8
What is the tens digit of 537?
3
What is the thousands digit of 8624?
8
What is the ten thousands digit of 22851?
2
What is the thousands digit of 5743?
5
What is the ten thousands digit of 47651?
4
What is the tens digit of 148635?
3
What is the tens digit of 2294?
9
What is the tens digit of 16327?
2
What is the thousands digit of 43031?
3
What is the tens digit of 21265?
6
What is the ten thousands digit of 36688?
3
What is the thousands digit of 96293?
6
What is the thousands digit of 6123?
6
What is the tens digit of 897?
9
What is the tens digit of 79403?
0
What is the thousands digit of 17892?
7
What is the tens digit of 2092?
9
What is the thousands digit of 30177?
0
What is the ten thousands digit of 15120?
1
What is the thousands digit of 1407?
1
What is the tens digit of 1075?
7
What is the thousands digit of 2192?
2
What is the hundreds digit of 750?
7
What is the units digit of 49921?
1
What is the tens digit of 1109?
0
What is the thousands digit of 4174?
4
What is the thousands digit of 27832?
7
What is the units digit of 58456?
6
What is the thousands digit of 41818?
1
What is the tens digit of 1128?
2
What is the units digit of 1149?
9
What is the tens digit of 29683?
8
What is the tens digit of 7544?
4
What is the units digit of 2398?
8
What is the tens digit of 3330?
3
What is the tens digit of 362?
6
What is the units digit of 104234?
4
What is the thousands digit of 1437?
1
What is the units digit of 49206?
6
What is the thousands digit of 72704?
2
What is the tens digit of 121?
2
What is the units digit of 1106?
6
What is the tens digit of 444?
4
What is the thousands digit of 12935?
2
What is the hundreds digit of 15141?
1
What is the hundreds digit of 7370?
3
What is the units digit of 3032?
2
What is the units digit of 76336?
6
What is the units digit of 541?
1
What is the thousands digit of 1215?
1
What is the units digit of 927?
7
What is the hundreds digit of 818?
8
What is the tens digit of 17766?
6
What is the units digit of 12502?
2
What is the hundreds digit of 4489?
4
What is the tens digit of 2065?
6
What is the hundreds digit of 43281?
2
What is the tens digit of 943?
4
What is the tens digit of 5558?
5
What is the tens digit of 2790?
9
What is the 